{"id":88,"date":"2015-11-06T13:57:22","date_gmt":"2015-11-06T13:57:22","guid":{"rendered":"http:\/\/www.szh.hr\/szh_new1\/?page_id=88"},"modified":"2016-06-07T06:18:58","modified_gmt":"2016-06-07T06:18:58","slug":"casopis-vijesti","status":"publish","type":"page","link":"https:\/\/www.szh.hr\/index.php\/casopis-vijesti\/","title":{"rendered":"\u010casopis Vijesti"},"content":{"rendered":"<p><a href=\"http:\/\/www.szh.hr\/wp-content\/uploads\/2016\/06\/Potpi\u0161i-i-ti-1.jpg\"><img loading=\"lazy\" decoding=\"async\" class=\"size-medium wp-image-6351 alignleft\" src=\"http:\/\/www.szh.hr\/wp-content\/uploads\/2016\/06\/Potpi\u0161i-i-ti-1-222x300.jpg\" alt=\"Potpi\u0161i i ti\" width=\"222\" height=\"300\" srcset=\"https:\/\/www.szh.hr\/wp-content\/uploads\/2016\/06\/Potpi\u0161i-i-ti-1-222x300.jpg 222w, https:\/\/www.szh.hr\/wp-content\/uploads\/2016\/06\/Potpi\u0161i-i-ti-1.jpg 683w\" sizes=\"(max-width: 222px) 100vw, 222px\" \/><\/a><\/p>\n<p><a href=\"http:\/\/Sva dru\u0161tva H\u017d suo\u010dena su s posljedicama ma\u0107ehinske politike prema \u017eeljeznici. Pojedina\u010dno, svako dru\u0161tvo na\u010delno djeluje gledaju\u0107i vlastiti interes, no na kraju sve su dalje od uspje\u0161nog poslovanja jer, kad je \u017eeljeznica u pitanju, uspje\u0161nost itekako ovisi o me\u0111usobnoj koordinaciji. Sindikat je u vi\u0161e navrata upozoravao i uprave i ministra i premijera na \u0161tetne odluke i njihove izgledne posljedice.\">VIJESTI S\u017dH broj 21<\/a><\/p>\n<p>&nbsp;<\/p>\n<p>Sva dru\u0161tva H\u017d suo\u010dena su s posljedicama ma\u0107ehinske politike prema \u017eeljeznici. Pojedina\u010dno, svako dru\u0161tvo na\u010delno djeluje gledaju\u0107i vlastiti interes, no na kraju sve su dalje od uspje\u0161nog poslovanja jer, kad je \u017eeljeznica u pitanju, uspje\u0161nost itekako ovisi o me\u0111usobnoj koordinaciji.<\/p>\n<p>Sindikat je u vi\u0161e navrata upozoravao i uprave i ministra i premijera na \u0161tetne odluke i njihove izgledne posljedice.<\/p>\n","protected":false},"excerpt":{"rendered":"<p>VIJESTI S\u017dH broj 21 &nbsp; Sva dru\u0161tva H\u017d suo\u010dena su s posljedicama ma\u0107ehinske politike prema \u017eeljeznici. Pojedina\u010dno, svako dru\u0161tvo na\u010delno djeluje gledaju\u0107i vlastiti interes, no na kraju sve su dalje od uspje\u0161nog poslovanja jer, kad je \u017eeljeznica u pitanju, uspje\u0161nost itekako ovisi o me\u0111usobnoj koordinaciji. Sindikat je u vi\u0161e navrata upozoravao i uprave i ministra [&hellip;]<\/p>\n","protected":false},"author":1,"featured_media":6349,"parent":0,"menu_order":0,"comment_status":"open","ping_status":"open","template":"","meta":{"_et_pb_use_builder":"","_et_pb_old_content":"","_et_gb_content_width":"","footnotes":""},"class_list":["post-88","page","type-page","status-publish","has-post-thumbnail","hentry"],"_links":{"self":[{"href":"https:\/\/www.szh.hr\/index.php\/wp-json\/wp\/v2\/pages\/88","targetHints":{"allow":["GET"]}}],"collection":[{"href":"https:\/\/www.szh.hr\/index.php\/wp-json\/wp\/v2\/pages"}],"about":[{"href":"https:\/\/www.szh.hr\/index.php\/wp-json\/wp\/v2\/types\/page"}],"author":[{"embeddable":true,"href":"https:\/\/www.szh.hr\/index.php\/wp-json\/wp\/v2\/users\/1"}],"replies":[{"embeddable":true,"href":"https:\/\/www.szh.hr\/index.php\/wp-json\/wp\/v2\/comments?post=88"}],"version-history":[{"count":2,"href":"https:\/\/www.szh.hr\/index.php\/wp-json\/wp\/v2\/pages\/88\/revisions"}],"predecessor-version":[{"id":6366,"href":"https:\/\/www.szh.hr\/index.php\/wp-json\/wp\/v2\/pages\/88\/revisions\/6366"}],"wp:featuredmedia":[{"embeddable":true,"href":"https:\/\/www.szh.hr\/index.php\/wp-json\/wp\/v2\/media\/6349"}],"wp:attachment":[{"href":"https:\/\/www.szh.hr\/index.php\/wp-json\/wp\/v2\/media?parent=88"}],"curies":[{"name":"wp","href":"https:\/\/api.w.org\/{rel}","templated":true}]}}